-7 - (-1 + 4 + (-28 - -34)).
-16
Calculate -5 + 1 + -2 + -6 + 24 + -16.
-4
What is the value of 11 - (7 + -2 + -12 + 14)?
4
Evaluate (22 - 17) + -5 + 6 + -7.
-1
Evaluate 37 + -31 + -13 - 15.
-22
6 + -7 + -10 + 8 - -12
9
Evaluate -1 + 0 - (-17 + 7 + (-4 - -8)).
5
19 + 20 + -7 + -20
12
What is the value of 5 + -18 - (-53 - -37)?
3
What is (-26 - -17 - (-21 + 0)) + (-1 - 0)?
11
Evaluate 28 + (-1 - (10 - -2)).
15
What is the value of 10 + (-10 + 18 - 12) - (-12 + 0)?
18
Calculate -11 - -39 - 28 - (-1 - 10).
11
Calculate (7 - (3 + 6)) + 5.
3
Calculate 9 + (27 - 59) - -14.
-9
0 - 5 - (7 + 4 + -4)
-12
What is (14 - -17) + -45 + -21?
-35
What is the value of (9 - (18 + 3)) + 10?
-2
-15 + -32 + 37 + (-2 - (9 + -5))
-16
Calculate 12 - (25 + -4 - 11).
2
Calculate -19 - -8 - 4 - 0.
-15
Evaluate -1 - (-9 + 23 + -7).
-8
What is the value of -7 + 1 + (18 - 26) + -6 + 16?
-4
4 - (-4 + 21) - -4
-9
Calculate (14 - (9 - -8)) + (0 - -24).
21
What is (8 + -20 - -14) + (0 - 1) + -2?
-1
Evaluate 22 + 12 + -2 + -19.
13
Evaluate 3 + -8 + -18 + 27.
4
-19 + (-1 - -20) - (8 - 3)
-5
What is the value of -25 - ((16 - 52) + -2)?
13
Calculate 5 + (8 - 4) + -7 + -12.
-10
What is (-9 - -10) + 6 - 7?
0
(-1 - -10) + -7 + 10
12
Evaluate (-27 - 12 - -3) + 47.
11
-2 + -2 - (2 + (-1 + -11 - -6))
0
Evaluate 4 - (18 - 5 - -15).
-24
-13 + (66 - 21) - 14 - (0 + -7)
25
Evaluate (-7 + (1 - -4) - 9) + -7.
-18
Evaluate -4 + 12 + (-3 - 10) - -3.
-2
What is the value of 3 - 4 - (-1 + 2 + 3 + 1)?
-6
What is 1 + 11 + -17 - -11?
6
Evaluate 0 + 21 - (200 - 191).
12
What is the value of -37 + (-35 - -71) - -11?
10
2 - (12 + -19 + (6 - 1))
4
What is the value of -1 + 2 + 1 + (147 - 151)?
-2
-2 - (24 - 10 - 3) - -25
12
-13 + (11 - 7) + -18 + 33
6
-8 + (-7 - (-6 - (-5 + 8 - 4)))
-10
What is -6 + -30 + 76 + -46?
-6
What is the value of 7986 + -7982 - (-1 - (0 + 0) - -34)?
-29
What is the value of 23 - 17 - (-1 + -3) - 5?
5
What is the value of -7 + 14 - (-7 + 17 + 4)?
-7
What is 37 + 0 + 13 + -37?
13
What is (2 - -3) + (-12 - 3 - -10)?
0
What is -6 - (6 + -5 - (3 + 8 + -17))?
-13
What is the value of 11 + (-26 + 30 - 8)?
7
Calculate -1742 - -1786 - (25 - 1).
20
Evaluate (45 - (-3 - -29)) + 5.
24
Calculate (9 - (38 + -23)) + -15.
-21
What is (12 - (1 + 16) - 3) + 12?
4
What is the value of (-18 - -20 - 10) + -9?
-17
What is the value of 5 + 7 + -5 - -5?
12
What is the value of 7 + 9 + -10 - (1 + -2) - 5?
2
Calculate -1 + -25 - (-79 - -33).
20
Calculate -19 + (126 - 110) + (1 - 13).
-15
15 + -15 + 18 - 20
-2
-9 + (11 - 9) + -19 + 2
-24
20 + -35 + 15 - -28
28
Evaluate (28 - (0 + 3)) + (-128 - -123).
20
What is 15 + -29 + 30 - 9?
7
9 - ((-10 - -25) + -1) - 5
-10
What is the value of (-2 - 4) + 14 - 14?
-6
-15 + (-3 - 15) + 19
-14
What is 25 - (-46 - -26 - -58)?
-13
Calculate (7 - 20) + 10 - (1 + 6).
-10
Calculate -1 + ((-2 - -6) + -2 - 7).
-6
Evaluate -18 - (6 - (-28 + 54)).
2
Calculate (3 - (20 - 43 - -50)) + (5 - -1).
-18
What is the value of -7 + 1 - (96 - 114)?
12
Calculate 0 - 0 - (-7 + (5 - (-4 - 10))).
-12
727 + -742 + (-3 - (0 + -1 + 2))
-19
Evaluate (-13 + 7 + 6 - -3) + 1 + 12.
16
-67 + 56 + 3 + -4 + 1 - -28
17
Calculate (-7 - 2) + -10 + 20 + 4 - 27.
-22
(5 - -4) + (1 - 24)
-14
65 - 64 - (6 - 3)
-2
What is the value of -3 - 7 - ((-5 - 5) + -4)?
4
Calculate (5 - -1) + 9 + 3.
18
Calculate 3 + 15 - (-11 - ((-13 - -6) + 3)).
25
What is (-27 - (18 + -50)) + (3 - 0 - -2)?
10
What is -17 + -11 + 5 + 9?
-14
Calculate 5 + (-11 - (39 + -8) - -17).
-20
-8 + 3 - (-7 + (14 - -2))
-14
0 + (-1 - 2) + 10 + 2 + 9
18
What is the value of (3 - 0 - -10) + 1?
14
Calculate (9 - 12) + -13 + -9 + 11.
-14
What is (-31 - -26) + 8 + (0 - (8 + 1))?
-6
Calculate 1 + (-1 - -8) + (12 - 16) + -16.
-12
Evaluate -17 + 9 + (-19 - -9).
-18
Calculate -1 + 1 + (20 - -14 - 18).
16
Evaluate -10 + (-23 + 11 - -49) - 10.
17
(-7 - -11) + (-4 - (-2 - 1)) + -3
0
9 + -1 + -2 + 6 + (-3 - -1)
10
What is the value of 7 - (22 - -1) - (-14 - 35)?
33
What is (5 - ((12 - -6) + -4)) + -2 + -1?
-12
Calculate (-4 - (6 + 0) - -10) + -2 + -7.
-9
Evaluate 2291 + -2308 + -1 + -1.
-19
What is -12 - ((-16 - -6) + 1)?
-3
Calculate 59 - 18 - (7 + 9 + -5).
30
What is the value of (-44 + 36 - (8 + -3)) + 19?
6
-5 - (3 - 17 - -26) - -49
32
What is the value of 10 - ((0 - 6) + (-2 - -9))?
9
What is the value of 4 + (-24 - -37) + -12?
5
What is the value of -3 - (-5 + 2 + 7 + -5)?
-2
Evaluate 0 + -1 + (2 + 6 - (-80 + 75)).
12
2 + 2 + -865 + 857
-4
Evaluate 9 + 13 - (14 - 3).
11
Calculate 33 + (-25 - -8) + -1 - 40.
-25
Calculate -2 + -24 - (2 + -1 + 12 + -16).
-23
What is the value of -18 + 5 + 2 + 0 + -5?
-16
What is -30 + 61 + -25 - (1 - -21)?
-16
Calculate -2 + (11 - (-6 - -11)) + 5 + -3.
6
-1 + -1 - ((-18 - 5) + 31)
-10
What is 29 + 9 + -24 - (31 + 1)?
-18
Evaluate 9 + 16 + (9 - (18 + -3)).
19
What is -9 + (16 - 4) - (0 + -8)?
11
(11 - 0 - -1) + (-45 - -43)
10
Evaluate (-104 - -98) + (-2 - -4) + -2.
-6
What is the value of 4 + -9 + (-7 - -12) - -16?
16
Evaluate 12 + 1 + (-4 - (2 + -2)).
9
What is the value of -5 + (-3 + 7 - -5 - (-5 + 10))?
-1
What is the value of 36 + (4 - 51) - -1?
-10
What is the value of -16 + 2 + (-3 - -7)?
-10
Calculate (-16 - -14 - -13) + 6 - -8.
25
What is the value of -12 + 18 + 4 + -26?
-16
What is the value of (-8 + -21 - (-2 + -4 + 0)) + -3?
-26
Calculate -6 + -5 + -10 + 5 - 8.
-24
What is 6 + -7 + (22 - 1 - 11)?
9
What is the value of 15 - (2 - (1 + 6 - 12))?
8
17 + (-13 - (18 + -10))
-4
What is 0 + 8 + -18 + -5 + 18 + 1?
4
What is 5 - (0 + (2 - 4 - 4) - 0)?
11
Calculate (5 - (5 + 3 + -3 + 3)) + 29.
26
What is the value of (-13 - -2) + 100 + -80 + -16?
-7
What is 8 + (0 - -4 - (-1 - -4)) + -2?
7
Calculate (-9 - -12) + 14 + -15.
2
What is 5 + 4 + 0 - 4?
5
What is 2 + -41 - (-9 - 41)?
11
What is the value of 20 + 1 + (-14 - (3 + -8))?
12
What is the value of 721 + -704 + (1 - 17)?
1
What is the value of -5 - (-14 - (2 - (2 + (2 - 2))))?
9
What is 39 + -20 + 1 - 15 - (29 - -1)?
-25
What is -3 + 6 - (19 + -41 + 4)?
21
Evaluate -17 - (-4 + 8 - 5).
-16
What is the value of (-41 - -4) + (158 - 138)?
-17
Calculate -8 + 6 + (19 - 13 - (0 - -2)).
2
Calculate -22 + 9 - -1 - -14.
2
What is (16 - 4) + 2 + (317 - 299)?
32
(2 - -17) + (-107 - -76) - (9 - 1)
-20
What is the value of 13 + 16 + (7 - 24)?
12
What is the value of 5 + 6 + 30 + -32 + 8?
17
What is (29 - (11 + 10) - (0 + 16)) + -6?
-14
Evaluate (14 + -1 - (-212 + 222)) + -2.
1
Calculate 150 + -158 + (-2 - 0).
-10
What is -12 - (-12 - -9 - 5 - -15)?
-19
What is the value of 2 + (2 - 6 - (48 - 43))?
-7
Calculate (-20 - ((9 - 17) + -2)) + 17.
7
6 + (-4 - 0 - (-10 + 10)) + -3
-1
What is the value of 34 + (13 - (11 - -20)) + (4 - -1)?
21
What is the value of -4 - (7 + -22 - -6) - -13?
18
What is -6 + 12 + -28 + 19?
-3
Calculate 35 + (9 - (22 + 1 - -1)).
20
Evaluate 14 - (-7 - ((-9 - 1) + 5 - -5)).
21
0 + 0 + (2 - 19 - (1 - 4))
-14
What is -10 - (10 - (21 + 8))?
9
What is -5 + (8 - -1) + -12?
-8
Evaluate (1 - (8 + 6 + -17)) + -7.
-3
Calculate 16 + 5 + (-9 - -6) - (-2 - -3).
17
12 + (-3 - (-1 - -4))
6
Evaluate 13 + 0 + 74 + -65 + -9.
13
Evaluate -54 - -52 - (9 + (12 - 0)).
-23
Evaluate (-4 - (-4 - -4)) + 17 + -7 + 6.
12
Evaluate -16 + 10 - (0 + -5 - -12).
-13
What is 13 - (-3 + 2) - (233 - 219)?
0
Evaluate 20 + 3 - (9 + 1 - (17 + -15)).
15
9 + (-28 - (-1 + 9 + (-64 - -50)))
-13
-14 + (5 - (-1 + 4 - -6))
-18
Evaluate 2 + (63 + -62 - (-1 - 2)) - -1.
7
What is the value of -8 - (1 + 15 - 14)?
-10
What is the value of 27 - (8 - 1 - (173 + -165))?
28
Calculate (15 - -9) + (10 - (7 + -4)) + -10.
21
Calculate -3 - (-7 + (8 - -9) - (3 - 0)).
-10
(0 - (1 - -1 - 0)) + 2 - 28
-28
What is the value of (-5 - (-1 - 4)) + 7 + (14 - 25)?
-4
9 - 20 - (80 + -104)
13
What is the value of (28 - 10) + (-4 - 5) - 5?
4
Calculate -8 - (8 + (-4 - -2) - 4).
-10
Calculate 93 + -34 - (39 + -11).
31
What is 1 - ((12 - (-12 - -11)) + -4)?
-8
What is the value of (33 - -1) + -50 + (51 - 12)?
23
Evaluate -17 - (-2 + -2 + -27).
14
What is (-11 + 13 - 20) + 24 + -1 + 6?
11
What is -2 + -20 + (-65 - -89) + (-18 - -2)?
-14
Calculate (-19 - -6) + -3 + 16.
0
-8 - (9 - (8 - 7))
-16
What is the value of -20 + (0 - (-1 + -18)) - 32?
-33
Evaluate 1 + 3 + -8 + 0 - -7.
3
Calculate -6 + 10 + (50 - 62).
-8
What is the value of -5 - (-